{"id":1888,"date":"2016-01-04T23:19:06","date_gmt":"2016-01-04T22:19:06","guid":{"rendered":"http:\/\/wptest.werkskapelle.de\/?page_id=1888"},"modified":"2023-09-30T16:48:43","modified_gmt":"2023-09-30T14:48:43","slug":"hans-wincek","status":"publish","type":"page","link":"https:\/\/www.werkskapelle.de\/index.php\/dirigenten\/hans-wincek\/","title":{"rendered":"Hans Wincek"},"content":{"rendered":"<p>[vc_row iron_row_type=&#8220;in_container&#8220; iron_remove_padding_medium=&#8220;&#8220; iron_remove_padding_small=&#8220;&#8220; iron_overlay_pattern=&#8220;&#8220; iron_parallax=&#8220;&#8220; iron_bg_video=&#8220;&#8220;][vc_column width=&#8220;1\/2&#8243;][vc_column_text]<\/p>\n<h2>1934-1964<\/h2>\n<p>[\/vc_column_text][vc_column_text]<\/p>\n<p>Hans Wincek war es, der sich der kleinen Gruppe an Musikern aus dem Stahlwerk annahm und die musikalische Leitung der jungen Kapelle 1934 \u00fcbernahm. Dank der Unterst\u00fctzung durch die Werksleitung war die Kapelle 1938 bereits 40 Mann stark. Die politischen Umst\u00e4nde und die rigorose Einz\u00fcge zur Wehrmacht schrumpften die Kapelle enorm.<\/p>\n<p>Als 1943 auch Kapellmeister Hans Wincek\u00a0 zur Wehrmacht eingezogen wurde, \u00fcbernahm der 1. Fl\u00fcgelhornist Toni Esser die Stabf\u00fchrung. Die Werkskapelle bestand zu diesem Zeitpunkt nur noch aus 15 Musikern. der zu diesem Zeitpunkt aus 15 Musikern bestehenden Kapelle. Als Hans Wincek gl\u00fccklicherweise unversehrt aus dem Krieg heimkehrte, war es sein Verdienst die Kapelle strukturell und musikalisch Schritt f\u00fcr Schritt wieder aufzubauen.<\/p>\n<p>1964 trat er nach 30 Jahren auf eigenen Wunsch von seiner Funktion zur\u00fcck. Den Dirigentenstab \u00fcbergab er an Hans P\u00fctz, der schon seit etwa 1950 als Ausbilder in der Kapelle Erfahrung hatte.<\/p>\n<p>Hans Wincek verstarb 1979.[\/vc_column_text][\/vc_column][vc_column width=&#8220;1\/2&#8243;][vc_single_image image=&#8220;2082&#8243; img_size=&#8220;full&#8220;][\/vc_column][\/vc_row]<\/p>\n","protected":false},"excerpt":{"rendered":"<p>[vc_row iron_row_type=&#8220;in_container&#8220; iron_remove_padding_medium=&#8220;&#8220; iron_remove_padding_small=&#8220;&#8220; iron_overlay_pattern=&#8220;&#8220; iron_parallax=&#8220;&#8220; iron_bg_video=&#8220;&#8220;][vc_column width=&#8220;1\/2&#8243;][vc_column_text] 1934-1964 [\/vc_column_text][vc_column_text] Hans Wincek war es, der sich der kleinen Gruppe an [&hellip;]<\/p>\n","protected":false},"author":5,"featured_media":0,"parent":1900,"menu_order":0,"comment_status":"closed","ping_status":"closed","template":"","meta":{"om_disable_all_campaigns":false,"_monsterinsights_skip_tracking":false,"_monsterinsights_sitenote_active":false,"_monsterinsights_sitenote_note":"","_monsterinsights_sitenote_category":0},"aioseo_notices":[],"_links":{"self":[{"href":"https:\/\/www.werkskapelle.de\/index.php\/wp-json\/wp\/v2\/pages\/1888"}],"collection":[{"href":"https:\/\/www.werkskapelle.de\/index.php\/wp-json\/wp\/v2\/pages"}],"about":[{"href":"https:\/\/www.werkskapelle.de\/index.php\/wp-json\/wp\/v2\/types\/page"}],"author":[{"embeddable":true,"href":"https:\/\/www.werkskapelle.de\/index.php\/wp-json\/wp\/v2\/users\/5"}],"replies":[{"embeddable":true,"href":"https:\/\/www.werkskapelle.de\/index.php\/wp-json\/wp\/v2\/comments?post=1888"}],"version-history":[{"count":7,"href":"https:\/\/www.werkskapelle.de\/index.php\/wp-json\/wp\/v2\/pages\/1888\/revisions"}],"predecessor-version":[{"id":3244,"href":"https:\/\/www.werkskapelle.de\/index.php\/wp-json\/wp\/v2\/pages\/1888\/revisions\/3244"}],"up":[{"embeddable":true,"href":"https:\/\/www.werkskapelle.de\/index.php\/wp-json\/wp\/v2\/pages\/1900"}],"wp:attachment":[{"href":"https:\/\/www.werkskapelle.de\/index.php\/wp-json\/wp\/v2\/media?parent=1888"}],"curies":[{"name":"wp","href":"https:\/\/api.w.org\/{rel}","templated":true}]}}

<p>[vc_row iron_row_type=&#8220;in_container&#8220; iron_remove_padding_medium=&#8220;&#8220; iron_remove_padding_small=&#8220;&#8220; iron_overlay_pattern=&#8220;&#8220; iron_parallax=&#8220;&#8220; iron_bg_video=&#8220;&#8220;][vc_column width=&#8220;1/2&#8243;][vc_column_text]</p>
<h2>1934-1964</h2>
<p>[/vc_column_text][vc_column_text]</p>
<p>Hans Wincek war es, der sich der kleinen Gruppe an Musikern aus dem Stahlwerk annahm und die musikalische Leitung der jungen Kapelle 1934 übernahm. Dank der Unterstützung durch die Werksleitung war die Kapelle 1938 bereits 40 Mann stark. Die politischen Umstände und die rigorose Einzüge zur Wehrmacht schrumpften die Kapelle enorm.</p>
<p>Als 1943 auch Kapellmeister Hans Wincek  zur Wehrmacht eingezogen wurde, übernahm der 1. Flügelhornist Toni Esser die Stabführung. Die Werkskapelle bestand zu diesem Zeitpunkt nur noch aus 15 Musikern. der zu diesem Zeitpunkt aus 15 Musikern bestehenden Kapelle. Als Hans Wincek glücklicherweise unversehrt aus dem Krieg heimkehrte, war es sein Verdienst die Kapelle strukturell und musikalisch Schritt für Schritt wieder aufzubauen.</p>
<p>1964 trat er nach 30 Jahren auf eigenen Wunsch von seiner Funktion zurück. Den Dirigentenstab übergab er an Hans Pütz, der schon seit etwa 1950 als Ausbilder in der Kapelle Erfahrung hatte.</p>
<p>Hans Wincek verstarb 1979.[/vc_column_text][/vc_column][vc_column width=&#8220;1/2&#8243;][vc_single_image image=&#8220;2082&#8243; img_size=&#8220;full&#8220;][/vc_column][/vc_row]</p>
