{"id":1754,"date":"2016-01-04T02:16:28","date_gmt":"2016-01-04T01:16:28","guid":{"rendered":"http:\/\/wptest.werkskapelle.de\/?page_id=1754"},"modified":"2026-03-26T10:46:59","modified_gmt":"2026-03-26T09:46:59","slug":"vorstand","status":"publish","type":"page","link":"https:\/\/www.werkskapelle.de\/index.php\/vorstand\/","title":{"rendered":"Vorstand"},"content":{"rendered":"<p>[vc_row iron_row_type=&#8220;in_container&#8220; iron_remove_padding_medium=&#8220;&#8220; iron_remove_padding_small=&#8220;&#8220; iron_overlay_pattern=&#8220;&#8220; iron_parallax=&#8220;&#8220; iron_bg_video=&#8220;&#8220;][vc_column width=&#8220;2\/3&#8243;][vc_column_text]<\/p>\n<p data-start=\"21\" data-end=\"340\">Der Vorstand der Werkskapelle B\u00f6hler setzt sich aus zwei Vorsitzenden, zwei Kassierern und einem Beisitzer zusammen. In dieser Struktur verantwortet er die organisatorischen, finanziellen und strategischen Belange des Vereins und bildet die zentrale Schnittstelle zwischen Kapelle, \u00d6ffentlichkeit und externen Partnern.<\/p>\n<p data-start=\"21\" data-end=\"340\">\n<p data-start=\"21\" data-end=\"340\">\n<p data-start=\"342\" data-end=\"608\">Zu den Aufgaben des Vorstands geh\u00f6ren insbesondere die Koordination von Auftritten und Veranstaltungen, die interne Organisation des Vereinslebens sowie die Gestaltung des \u00f6ffentlichen Auftritts \u2013 von der Kommunikation bis zur Weiterentwicklung der Au\u00dfendarstellung.<\/p>\n<p data-start=\"342\" data-end=\"608\">\n<p data-start=\"342\" data-end=\"608\">\n<p data-start=\"610\" data-end=\"860\">Dabei arbeitet der Vorstand eng mit der musikalischen Leitung sowie den Registerf\u00fchrern der einzelnen Instrumentengruppen zusammen. In diesem Zusammenspiel werden sowohl k\u00fcnstlerische als auch organisatorische Entscheidungen abgestimmt und umgesetzt.<\/p>\n<p data-start=\"610\" data-end=\"860\">\n<p data-start=\"610\" data-end=\"860\">\n<p data-start=\"862\" data-end=\"1043\" data-is-last-node=\"\" data-is-only-node=\"\">So lenkt der Vorstand gemeinsam mit allen Beteiligten die Geschicke der Kapelle und schafft die Voraussetzungen f\u00fcr ein aktives, verl\u00e4ssliches und zukunftsorientiertes Vereinsleben.<\/p>\n<p>[\/vc_column_text][vc_column_text][\/vc_column_text][\/vc_column][vc_column width=&#8220;1\/3&#8243;][vc_images_carousel images=&#8220;3556,3559,3560,3562,3561,3564,3565,3566,3569,3570&#8243; img_size=&#8220;medium&#8220; autoplay=&#8220;yes&#8220; wrap=&#8220;yes&#8220;][\/vc_column][\/vc_row][vc_row iron_row_type=&#8220;in_container&#8220; iron_remove_padding_medium=&#8220;&#8220; iron_remove_padding_small=&#8220;&#8220; iron_overlay_pattern=&#8220;&#8220; iron_parallax=&#8220;&#8220; iron_bg_video=&#8220;&#8220;][vc_column][vc_tta_accordion][vc_tta_section title=&#8220;Vorsitz&#8220; tab_id=&#8220;1774516298985-9e31e7fa-a416&#8243;][vc_column_text]<\/p>\n<p style=\"text-align: center;\"><strong>1.Vorsitzender &#8211; Niklas Gorgs &amp; 2. Vorsitzende &#8211; Nicol Koch<\/strong><\/p>\n<p style=\"text-align: center;\">Strategische Ausrichtung und Weiterentwicklung der Kapelle, organisatorische Gesamtverantwortung f\u00fcr den Verein sowie Koordination von Auftritten, Projekten und internen Abl\u00e4ufen. Zentrale Repr\u00e4sentation gegen\u00fcber \u00d6ffentlichkeit, Partnern und Mitgliedern sowie Steuerung der Zusammenarbeit mit musikalischer Leitung und Registerf\u00fchrern.<\/p>\n<p>[\/vc_column_text][\/vc_tta_section][vc_tta_section title=&#8220;Kasse &#038; Finanzen&#8220; tab_id=&#8220;1774516298985-7ace62e3-584d&#8220;][vc_column_text]<\/p>\n<p style=\"text-align: center;\"><strong>1. Kassierer &#8211; Robert Junker &amp; 2. Kassierer &#8211; Simon Evertz<\/strong><\/p>\n<p style=\"text-align: center;\" data-start=\"462\" data-end=\"793\">Verantwortung f\u00fcr Finanzplanung und Haushaltsf\u00fchrung, Steuerung des Zahlungsverkehrs sowie Verwaltung aller Einnahmen und Ausgaben. Sicherstellung von Transparenz und Verl\u00e4sslichkeit in allen finanziellen Prozessen, einschlie\u00dflich Budgetierung, Abrechnung von Veranstaltungen und langfristiger finanzieller Planung.<\/p>\n<p style=\"text-align: center;\" data-start=\"795\" data-end=\"1119\" data-is-last-node=\"\" data-is-only-node=\"\">[\/vc_column_text][\/vc_tta_section][vc_tta_section title=&#8220;Beisitz&#8220; tab_id=&#8220;1774516613800-c2faf759-21cf&#8220;][vc_column_text]<\/p>\n<p style=\"text-align: center;\"><strong>Beisitzer des Vorstandes &#8211; Sebastian Urbas<\/strong><br \/>\nMitwirkung an zentralen Projekten und organisatorischen Themen, Unterst\u00fctzung des Vorstands im laufenden Vereinsbetrieb sowie flexible \u00dcbernahme von Aufgaben in Bereichen wie Veranstaltungsorganisation, Kommunikation und internen Abl\u00e4ufen. Verbindungsglied zwischen Vorstand, Kapelle und einzelnen Projekten.<\/p>\n<p>[\/vc_column_text][\/vc_tta_section][\/vc_tta_accordion][\/vc_column][\/vc_row]<\/p>\n","protected":false},"excerpt":{"rendered":"<p>[vc_row iron_row_type=&#8220;in_container&#8220; iron_remove_padding_medium=&#8220;&#8220; iron_remove_padding_small=&#8220;&#8220; iron_overlay_pattern=&#8220;&#8220; iron_parallax=&#8220;&#8220; iron_bg_video=&#8220;&#8220;][vc_column width=&#8220;2\/3&#8243;][vc_column_text] Der Vorstand der Werkskapelle B\u00f6hler setzt sich aus zwei Vorsitzenden, zwei Kassierern [&hellip;]<\/p>\n","protected":false},"author":5,"featured_media":0,"parent":0,"menu_order":16,"comment_status":"closed","ping_status":"closed","template":"","meta":{"om_disable_all_campaigns":false,"_monsterinsights_skip_tracking":false,"_monsterinsights_sitenote_active":false,"_monsterinsights_sitenote_note":"","_monsterinsights_sitenote_category":0},"aioseo_notices":[],"_links":{"self":[{"href":"https:\/\/www.werkskapelle.de\/index.php\/wp-json\/wp\/v2\/pages\/1754"}],"collection":[{"href":"https:\/\/www.werkskapelle.de\/index.php\/wp-json\/wp\/v2\/pages"}],"about":[{"href":"https:\/\/www.werkskapelle.de\/index.php\/wp-json\/wp\/v2\/types\/page"}],"author":[{"embeddable":true,"href":"https:\/\/www.werkskapelle.de\/index.php\/wp-json\/wp\/v2\/users\/5"}],"replies":[{"embeddable":true,"href":"https:\/\/www.werkskapelle.de\/index.php\/wp-json\/wp\/v2\/comments?post=1754"}],"version-history":[{"count":28,"href":"https:\/\/www.werkskapelle.de\/index.php\/wp-json\/wp\/v2\/pages\/1754\/revisions"}],"predecessor-version":[{"id":3576,"href":"https:\/\/www.werkskapelle.de\/index.php\/wp-json\/wp\/v2\/pages\/1754\/revisions\/3576"}],"wp:attachment":[{"href":"https:\/\/www.werkskapelle.de\/index.php\/wp-json\/wp\/v2\/media?parent=1754"}],"curies":[{"name":"wp","href":"https:\/\/api.w.org\/{rel}","templated":true}]}}

<p>[vc_row iron_row_type=&#8220;in_container&#8220; iron_remove_padding_medium=&#8220;&#8220; iron_remove_padding_small=&#8220;&#8220; iron_overlay_pattern=&#8220;&#8220; iron_parallax=&#8220;&#8220; iron_bg_video=&#8220;&#8220;][vc_column width=&#8220;2/3&#8243;][vc_column_text]</p>
<p data-start="21" data-end="340">Der Vorstand der Werkskapelle Böhler setzt sich aus zwei Vorsitzenden, zwei Kassierern und einem Beisitzer zusammen. In dieser Struktur verantwortet er die organisatorischen, finanziellen und strategischen Belange des Vereins und bildet die zentrale Schnittstelle zwischen Kapelle, Öffentlichkeit und externen Partnern.</p>
<p data-start="21" data-end="340">
<p data-start="21" data-end="340">
<p data-start="342" data-end="608">Zu den Aufgaben des Vorstands gehören insbesondere die Koordination von Auftritten und Veranstaltungen, die interne Organisation des Vereinslebens sowie die Gestaltung des öffentlichen Auftritts – von der Kommunikation bis zur Weiterentwicklung der Außendarstellung.</p>
<p data-start="342" data-end="608">
<p data-start="342" data-end="608">
<p data-start="610" data-end="860">Dabei arbeitet der Vorstand eng mit der musikalischen Leitung sowie den Registerführern der einzelnen Instrumentengruppen zusammen. In diesem Zusammenspiel werden sowohl künstlerische als auch organisatorische Entscheidungen abgestimmt und umgesetzt.</p>
<p data-start="610" data-end="860">
<p data-start="610" data-end="860">
<p data-start="862" data-end="1043" data-is-last-node="" data-is-only-node="">So lenkt der Vorstand gemeinsam mit allen Beteiligten die Geschicke der Kapelle und schafft die Voraussetzungen für ein aktives, verlässliches und zukunftsorientiertes Vereinsleben.</p>
<p>[/vc_column_text][vc_column_text][/vc_column_text][/vc_column][vc_column width=&#8220;1/3&#8243;][vc_images_carousel images=&#8220;3556,3559,3560,3562,3561,3564,3565,3566,3569,3570&#8243; img_size=&#8220;medium&#8220; autoplay=&#8220;yes&#8220; wrap=&#8220;yes&#8220;][/vc_column][/vc_row][vc_row iron_row_type=&#8220;in_container&#8220; iron_remove_padding_medium=&#8220;&#8220; iron_remove_padding_small=&#8220;&#8220; iron_overlay_pattern=&#8220;&#8220; iron_parallax=&#8220;&#8220; iron_bg_video=&#8220;&#8220;][vc_column][vc_tta_accordion][vc_tta_section title=&#8220;Vorsitz&#8220; tab_id=&#8220;1774516298985-9e31e7fa-a416&#8243;][vc_column_text]</p>
<p style="text-align: center;"><strong>1.Vorsitzender &#8211; Niklas Gorgs &amp; 2. Vorsitzende &#8211; Nicol Koch</strong></p>
<p style="text-align: center;">Strategische Ausrichtung und Weiterentwicklung der Kapelle, organisatorische Gesamtverantwortung für den Verein sowie Koordination von Auftritten, Projekten und internen Abläufen. Zentrale Repräsentation gegenüber Öffentlichkeit, Partnern und Mitgliedern sowie Steuerung der Zusammenarbeit mit musikalischer Leitung und Registerführern.</p>
<p>[/vc_column_text][/vc_tta_section][vc_tta_section title=&#8220;Kasse &#038; Finanzen&#8220; tab_id=&#8220;1774516298985-7ace62e3-584d&#8220;][vc_column_text]</p>
<p style="text-align: center;"><strong>1. Kassierer &#8211; Robert Junker &amp; 2. Kassierer &#8211; Simon Evertz</strong></p>
<p style="text-align: center;" data-start="462" data-end="793">Verantwortung für Finanzplanung und Haushaltsführung, Steuerung des Zahlungsverkehrs sowie Verwaltung aller Einnahmen und Ausgaben. Sicherstellung von Transparenz und Verlässlichkeit in allen finanziellen Prozessen, einschließlich Budgetierung, Abrechnung von Veranstaltungen und langfristiger finanzieller Planung.</p>
<p style="text-align: center;" data-start="795" data-end="1119" data-is-last-node="" data-is-only-node="">[/vc_column_text][/vc_tta_section][vc_tta_section title=&#8220;Beisitz&#8220; tab_id=&#8220;1774516613800-c2faf759-21cf&#8220;][vc_column_text]</p>
<p style="text-align: center;"><strong>Beisitzer des Vorstandes &#8211; Sebastian Urbas</strong><br />
Mitwirkung an zentralen Projekten und organisatorischen Themen, Unterstützung des Vorstands im laufenden Vereinsbetrieb sowie flexible Übernahme von Aufgaben in Bereichen wie Veranstaltungsorganisation, Kommunikation und internen Abläufen. Verbindungsglied zwischen Vorstand, Kapelle und einzelnen Projekten.</p>
<p>[/vc_column_text][/vc_tta_section][/vc_tta_accordion][/vc_column][/vc_row]</p>

<p>[vc_row iron_row_type=&#8220;in_container&#8220; iron_remove_padding_medium=&#8220;&#8220; iron_remove_padding_small=&#8220;&#8220; iron_overlay_pattern=&#8220;&#8220; iron_parallax=&#8220;&#8220; iron_bg_video=&#8220;&#8220;][vc_column width=&#8220;2/3&#8243;][vc_column_text] Der Vorstand der Werkskapelle Böhler setzt sich aus zwei Vorsitzenden, zwei Kassierern [&hellip;]</p>
